e 12 = 4*o - 0*o. Let a(y) = -3*y - 1. Let u be a(-8). Let w be (-36)/(-10)*(u - o). Calculate the highest common factor of w and 18.
18
Suppose -8*y = -4*y. Suppose -38 = -2*x - b, -3*x + 3*b + 13 = -26. Suppose g + 7 - x = y. Calculate the highest common factor of g and 80.
10
Let z(a) = 10*a + 51. Let b(j) = -39*j - 204. Let k(g) = -2*b(g) - 9*z(g). Let n be k(-6). What is the greatest common divisor of 6 and n?
3
Let l(z) = 38*z**2 + 287*z + 2. Let k be l(-8). Calculate the greatest common factor of 30 and k.
6
Let c be (-450)/27*84/(-8). Let f(l) = 24*l + 1. Let q be f(1). What is the highest common divisor of c and q?
25
Let i be (3/(-4))/((-1)/16). Suppose 2*o - 10 = y + 15, 0 = 5*o + 3*y - 57. Calculate the greatest common divisor of i and o.
12
Suppose 1314 + 222 = 24*q. Calculate the greatest common divisor of q and 40.
8
Let n(v) = 11*v**2 - 5*v + 3. Let z be n(1). Suppose 4*j - z*u = -4*u + 719, 4*j + 4*u = 692. What is the highest common factor of 44 and j?
44
Suppose 0 = -3*h + 4*w - 2, 0 = -3*h - 2*w + 4*w + 2. Let c be 129/12 - (-5)/20. Let q = h + c. Calculate the greatest common factor of 13 and q.
13
Let t = 215 - 149. Let a(x) = 1 - 2 + 3*x**2 + 2 - 4*x - 2*x**2. Let i be a(5). What is the highest common divisor of i and t?
6
Suppose 0 = -6*k + 11*k - 25. Suppose -2*s - 14 = k*s. Let m(a) = -2*a**3 - a**2 - a. Let u be m(s). What is the highest common divisor of 70 and u?
14
Let q(x) = -4*x**2 + 43*x - 17. Let n be q(10). Calculate the highest common divisor of 351 and n.
13
Let u(w) = w**2 - 13. Let t be u(5). Let m be 30/t*(-68)/(-10). Calculate the highest common factor of 68 and m.
17
Suppose 4*k - 3634 = -d + 777, 3*k + 5*d - 3321 = 0. What is the greatest common divisor of 116 and k?
58
Let y = -101 - -101. Suppose -2*j - 2*r + 32 = y, -3*j + 2*r + 24 = -j. What is the greatest common divisor of 28 and j?
14
Suppose 3*w - 2 - 19 = 0. Suppose 3*p - h - 9 = 10, 5*p - 32 = 2*h. Suppose p*v - v = 35. Calculate the greatest common factor of v and w.
7
Let q = 5 - -6. Let g = 71 - q. What is the greatest common divisor of 40 and g?
20
Let x(r) = r**2. Let i(a) = -a - 4. Let m be i(-7). Suppose -5 = -2*z - m. Let l be x(z). What is the greatest common divisor of l and 8?
1
Suppose 2*w + 2*w - 8 = 0. Suppose -6*x = -11*x. Let r be ((-8)/28 - x) + (-44)/(-7). Calculate the highest common factor of r and w.
2
Let r(t) = -t**3 - 10*t**2 + 20*t - 36. Let k be r(-12). Calculate the highest common factor of 28 and k.
4
Let f = -24 + 22. Let o = 2 - f. Suppose 3*p - 424 = o*a, 5*a + 136 = p + a. What is the highest common factor of p and 24?
24
Let x be (-58 - -105) + -6*1. Calculate the highest common factor of x and 205.
41
Suppose 2*y + 10 = 2. Let b be 22/((y/(-15))/((-2)/(-5))). Calculate the greatest common divisor of 231 and b.
33
Suppose 0 = k - 4*j - 66, -17*j = -4*k - 13*j + 300. Calculate the highest common factor of 12 and k.
6
Suppose 0 = -4*y - 2*p + 96, -2*p - 2*p = y - 24. Calculate the highest common factor of y and 78.
6
Let g = -121 - -152. Let s be (-2 + 746)/3*1. What is the highest common factor of g and s?
31
Suppose 35*n - 14025 = 2*n. What is the highest common divisor of 25 and n?
25
Suppose -5*m - 2*k = 3*k + 20, -k - 1 = 0. Let p be -14*m/(-6)*1. Let b = p - -31. Calculate the highest common divisor of 12 and b.
12
Let k be (-4 + (-46)/(-7))*(-2310)/(-45). What is the highest common factor of k and 1650?
66
Let j(n) = n**3 - 3*n**2 - 2*n - 2. Let l be j(4). Let x be (-6)/(1/2*-1). Suppose 4*k = 5*y - x, 3 = 2*k - 1. What is the greatest common factor of l and y?
2
Let v = -1524 - -1624. What is the greatest common divisor of 80 and v?
20
Let p(z) = 8*z - 3. Let x = 12 + -9. Let b be p(x). Let l be (-342)/(-21) + (-6)/b. Calculate the greatest common divisor of l and 80.
16
Let u(k) = -230*k + 26. Let n be u(-1). Calculate the highest common divisor of n and 48.
16
Let c = 1634 - 542. What is the greatest common factor of c and 84?
84
Let d be 6/(-14) - (-632)/(-28). Let o = -23 - d. Suppose 3*v + 5*b - 7 - 54 = o, -5*v + b + 83 = 0. Calculate the greatest common factor of 68 and v.
17
Suppose -5*v + 355 = 59*n - 56*n, -4*n = -20. Calculate the greatest common factor of 238 and v.
34
Suppose -3*l = -2*l - 2. Suppose -3*d - 11 = -p, l*d - 3*p - p = 6. Let t be 9 + (d - 6/(-2)). Calculate the highest common factor of 7 and t.
7
Suppose -u + 405 = -0*u. What is the greatest common factor of u and 45?
45
Suppose -67 = -w - 4*x, 4*w + 10*x - 213 = 5*x. Suppose 4*y - w = 1. Calculate the greatest common divisor of y and 6.
6
Let l(m) = 316*m**2 - 14*m + 14. Let q be l(1). Calculate the greatest common factor of 2 and q.
2
Let q be (-1 + -118)*23/(2093/(-26)). Let w = -267 - -664. Suppose 5*j = w + 28. What is the highest common factor of j and q?
17
Let c = 719 + -593. Calculate the greatest common factor of c and 36.
18
Suppose 3*m - 7*m = -16. Let v be (29/(-58))/((-1)/(-6)*-1). Suppose 0*y - 2*y + v*k = -9, 0 = -3*y - k + 19. What is the highest common factor of m and y?
2
Let i(r) = r**2 - 3*r - 3. Let w be i(3). Let l be (-6)/(-2)*2/w. Let m(g) = -48*g - 4. Let s be m(l). Calculate the highest common divisor of 23 and s.
23
Let t(m) = -m**3 + m**2 + 6*m. Let y be t(-6). Let x be -1*(3 + -59) - (30 - 28). What is the greatest common divisor of y and x?
54
Let m be 8/2 - 6/(-6). Calculate the greatest common divisor of m and 55.
5
Let p(y) = -y**2 + y + 184. Let k be p(0). Let f be 8*(-270)/(-144) - -8. What is the highest common factor of f and k?
23
Suppose -11*b + 44 + 55 = 0. Calculate the highest common divisor of 144 and b.
9
Let q(o) = 27*o - 4. Let m be q(3). Let z be 52/(-4) + 39 + -15. What is the highest common factor of z and m?
11
Suppose -14*p + 9840 = -4*p. Calculate the greatest common divisor of 24 and p.
24
Let g be 1/3 + (-419)/(-3). Suppose -99 = -3*m + 6*m. Let k = 89 + m. What is the highest common divisor of k and g?
28
Suppose 3*h = -5*i - 2*h + 65, -3*h - 9 = 0. Let j(n) = 2*n**2 - 9*n - 3. Let o be j(5). Calculate the greatest common factor of i and o.
2
Let r(v) = 5*v + 26. Let n(a) = -1. Let x(p) = -6*n(p) + r(p). Let q be x(-4). Calculate the highest common factor of q and 60.
12
Suppose 2*o - 2*l = l, 2*l = 5*o - 22. Calculate the highest common factor of 48 and o.
6
Let s be 330/(-20)*26/3. Let u = 53 + s. Let z be (u/(-40))/((-3)/(-32)). Calculate the highest common factor of 36 and z.
12
Suppose 2*c - 5*o + 36 = -0*o, 3*c - 4*o + 54 = 0. Let q = c - -26. Suppose 4*x + w + 37 = q*x, 5*x + 5*w = 15. Calculate the greatest common factor of 8 and x.
8
Let j(i) = i + 30. Let o be j(-27). Suppose 2*m + p - 65 = 0, -4*m + 8*m - 137 = 5*p. What is the greatest common factor of m and o?
3
Suppose -8 = -3*h - h, 3*y - 282 = -3*h. Suppose 88*k - y*k = -112. Calculate the greatest common factor of 14 and k.
14
Let t = 212 + -144. Suppose -126*f = -115*f - 187. Calculate the greatest common factor of f and t.
17
Let c = 3 + 2. Suppose c*p - 3*a = 6*p + 8, 4*p + 2 = 3*a. Let i be 11/((-1)/p*2). Calculate the highest common factor of i and 88.
11
Let j = 29 + -40. Let b = 5 - j. What is the greatest common factor of 40 and b?
8
Suppose 2*k - 6*j - 206 = -5*j, 2*k - 3*j = 202. Calculate the highest common divisor of 13 and k.
13
Let p = -2 - -5. Let g(u) = -4*u - 15. Let a(o) = 3*o + 14. Let b(f) = -5*a(f) - 4*g(f). Let z be b(12). Calculate the greatest common divisor of p and z.
1
Let g(x) = -11*x + 345. Let p be g(4). What is the greatest common factor of 129 and p?
43
Let y be (2 - -42) + -2 + 2. Suppose 4*a = 12, -a + y = w + a. Calculate the highest common factor of 95 and w.
19
Suppose -j + 9*j - 400 = 0. Suppose 4*g - 5*r - 250 = -j, -5*g - 2*r + 217 = 0. Suppose -6*w = -w - g. Calculate the highest common factor of 45 and w.
9
Let x(c) = -c + 23. Let w be x(21). Let t be w*75 + (8/2 - 7). What is the highest common factor of 49 and t?
49
Let f be -1 - ((-3 - 1) + 7). Let z(j) = -3*j - 2. Let n be z(f). Suppose 0 = -2*c - 0*c + n. What is the greatest common divisor of c and 35?
5
Let s = -104 - -116. Let h = -16 - -52. What is the greatest common divisor of s and h?
12
Let g = 1761 + -1593. What is the highest common divisor of 24 and g?
24
Suppose 3*v - 3*x = -14 + 38, -2*v = 3